se -25 = 95*v - 96*v + 3*l, -v + 29 = -2*l. Calculate the remainder when 120 is divided by v.
9
Suppose -7 + 89 = -i. Let q = i + 156. Calculate the remainder when q is divided by 28.
18
Let s(z) = -3*z**2 + 69*z - 88. Calculate the remainder when 3585 is divided by s(20).
89
Let v(w) = -w**2 + 15*w - 26. Let s be v(12). Suppose -3*d = 3*g + 30, -g = 4*d - 3*g + s. Calculate the remainder when 21 is divided by -15*(2/d - (-4 + 4)).
3
Suppose -16*p + 106 = -2774. What is the remainder when 303 is divided by p?
123
Suppose 2*z = 4*z - 104. Let m = -16 + z. Calculate the remainder when m is divided by (219/(-12) + 4)/(3/(-4)).
17
Suppose -8*l - 24 = -9*l - 4*w, 0 = -3*l + 5*w + 106. Suppose -l = -169*u + 167*u. Suppose 13 + 5 = 3*m. What is the remainder when u is divided by m?
4
Let q(v) = 4*v - 20. Let l be q(-4). Let h = l + 39. Calculate the remainder when 42 is divided by (-7)/(h/4 - 55/44).
0
Let k(u) = -3*u + 63. Calculate the remainder when 204 - (-16 - -6 - -1) is divided by k(-14).
3
Let d = -1451 - -1472. Suppose 2*m = -4*g - 0 + 10, 0 = -3*g - m + 9. Suppose 0 = 3*o, 4*l + g*o = 2*l + 204. Calculate the remainder when l is divided by d.
18
Let w be ((-18)/45)/(1/(-5)). Suppose -3*f + 13 = -4*b + 5*b, 0 = w*b + 4*f - 26. Calculate the remainder when 37 is divided by b.
11
Suppose 0 = 71*l - 72*l + 26. Suppose l - 152 = -7*u. Calculate the remainder when 80 is divided by u.
8
Let c(s) = s**3 - 28*s**2 + 19*s + 395. Calculate the remainder when c(28) is divided by 66.
3
What is the remainder when ((8/20)/(16/(-20)))/(2/(-1932)) is divided by 252?
231
Let r = -291 - -292. What is the remainder when 320 is divided by 1/(r/(-15)*(-105)/756)?
104
Let z = 394 + -354. What is the remainder when z is divided by 6*(-11)/(-8)*32/12?
18
Let w = -76 - -280. Suppose -4*n - w = -7*n. Let b = n - 45. What is the remainder when 42 is divided by b?
19
Let h(u) = -18*u**2 - 137*u - 133. Suppose 317 + 18 = 3*b + 2*l, 0 = b - 5*l - 89. Calculate the remainder when b is divided by h(-6).
27
Suppose -2*y = -f + 142, 0*f - 4*y = -4*f + 576. Suppose 3*u + 1389 = 5361. Suppose 0 = 1316*k - u*k + 240. Calculate the remainder when f is divided by k.
26
Suppose 155*x - 49496 - 18624 - 23020 = 0. Calculate the remainder when 4720 is divided by x.
16
Let z(k) = k**3 - 3*k**2 - 2*k - 61. Calculate the remainder when z(9) is divided by 128.
23
Let o be (-23)/(2/(-6)*1). Suppose 0 = -5*h, 2*h - o = 2*n - 181. Suppose 0 = -3*t - 5*k + 67, -5*k = 4 + 16. What is the remainder when n is divided by t?
27
Let l = 4361 + -2426. Calculate the remainder when l is divided by 34.
31
Let y = 70058 - 70013. Let f(d) = -d + 2. Let z be f(-2). Suppose -2*t - 358 = -z*t. What is the remainder when t is divided by y?
44
Let a(x) = x**2 + 15*x + 40. Suppose 2*n + 5 = 11, -84 = -5*j - 3*n. Suppose j*b = 19*b + 48. What is the remainder when 8 is divided by a(b)?
0
Let j = 1221 + -211. Let w = j - 634. Calculate the remainder when w is divided by 16.
8
Let r = -29 + 48. Let c be (-2 - 31)/(9 - 10). Let t = c - 23. What is the remainder when r is divided by t?
9
Suppose c + 72 = 5*j, -7*c - 4*j = -5*c + 158. Let b = -35 - c. What is the remainder when b is divided by 3?
0
Let f(w) = 99*w**2 - 5*w + 1. Let s be f(1). Let k be (4/2)/(-1)*-37. Let z = s - k. Calculate the remainder when z is divided by 15.
6
Let r be (57/(-76))/(3/(-8)). Let v(t) = 4*t + 9. What is the remainder when 28 is divided by v(r)?
11
Suppose 0 = 4*i + 3*t - 248, -2*t = 2*i - 19 - 105. What is the remainder when 4/(16/1724) - -1 is divided by i?
60
Suppose 4*f = -3*n + 649, 5*n + 3*f - 1105 = 8*f. Suppose 0 = -11*q + n + 276. What is the remainder when q is divided by 12?
9
Suppose -190 = -14*k - 2*k - 3*k. Let b = 16 + 73. What is the remainder when b is divided by k?
9
Let i = -5099 + 5116. What is the remainder when (-9)/(18/(-16))*4 is divided by i?
15
Let h be 2/18*-2 - (-330)/270. Let j be 63 - (h - ((-12)/4 + 6)). Suppose 2*d = j + 37. Calculate the remainder when d is divided by 14.
9
Suppose -2284 = -5*x + 3*s, -12*x = -13*x - 4*s + 443. Suppose -4*t = -4*h + 221 + x, 4*t = 5*h - 844. What is the remainder when h is divided by 43?
39
Let u(f) = 669*f + 3511. What is the remainder when u(-5) is divided by 5?
1
Let l(v) = -4 - 4*v**2 + 3*v**2 + 0 + 3*v + 26*v**3 + v. Suppose 11*k = 804 + 274. What is the remainder when k is divided by l(1)?
23
Let s(o) = o**3 + 17*o**2 - 57*o + 5. What is the remainder when s(-19) is divided by 51?
9
Let c(p) = p**3 + 32*p**2 - 64*p - 134. What is the remainder when c(-23) is divided by 165?
159
Suppose -3*y - 3*y = -4*y. Suppose -8*b + 351 + 97 = y. What is the remainder when b is divided by 15?
11
Let a(d) = d**2 + 15*d - 116. Let m be a(23). Let x = 836 - m. What is the remainder when 229 is divided by x?
73
Let f = -1964 + 1975. Let y(u) = -5*u - 14. Let n be y(-7). Suppose 0*o - 25 = -2*l - o, -3*l + 4*o + n = 0. Calculate the remainder when l is divided by f.
0
Let a = 41 + -3. Let x(c) = -5*c + 4. What is the remainder when a is divided by x(-2)?
10
Suppose 44*n - 240 = 20*n. Suppose -5*g = 2*d - 173, -g + n*d - 7*d = -38. What is the remainder when (4/5)/(-1)*-85 is divided by g?
33
Let b(f) = -2*f**3 - 7*f**2 - 1. Let j be (2 + -2 + 0)/(6/6). Suppose j = p + 240 - 255. What is the remainder when b(-5) is divided by p?
14
Let u(d) = -d**3 + 2*d**2 + 4*d - 3. Let g be u(3). Suppose -55*q + 189 = -46*q. Suppose 25*h - q*h - 48 = g. What is the remainder when 22 is divided by h?
10
Let o(n) = -11*n**2 + 359*n + 238. What is the remainder when 1589 is divided by o(33)?
105
Let y = 40 + -23. Let q(l) = -l**3 + 17*l**2 - 64*l + 22. What is the remainder when q(10) is divided by y?
14
Let x = -8 - -170. What is the remainder when 477 is divided by x?
153
Let t = 97567 - 97550. Suppose 0 = -0*z + 4*z - 844. Calculate the remainder when z is divided by t.
7
Let y(u) be the first derivative of -3*u**2/2 - 72. Suppose 16 = 5*b - 39. What is the remainder when y(-14) is divided by b?
9
Let l = 39 + -47. Let b = l - -32. Calculate the remainder when ((-105)/14)/(4*(-15)/280) is divided by b.
11
Suppose 21*o + 41 = 22*o. Suppose 11*g - 14 = o. Calculate the remainder when 18 is divided by (5/(-10))/(g/(-70)).
4
Let w(s) = -s + 1. Let d(g) = -g**2 + 9*g + 88. Let n(q) = d(q) - w(q). Calculate the remainder when 45 is divided by n(15).
9
Let u(g) = -g**3 + 15*g**2 + 21*g + 24. Suppose 104 = 62*s - 54*s. Calculate the remainder when u(s) is divided by 91.
89
Let m be 80 + -54 + (1 + 0)/1. What is the remainder when 35 is divided by 12*(m/2)/9?
17
Let k = 391 - 175. Suppose -20 + 0 = 4*p, p + 705 = -5*j. Let y = j + k. What is the remainder when y is divided by 27?
22
Suppose -47*y - 44 = -49*y. Suppose y*w - 21*w - 4 = 0. What is the remainder when 10 is divided by w?
2
Let c = 7800 - 7310. Calculate the remainder when c is divided by 12.
10
Suppose -a - 924 = -13*a. Suppose n = 4*h - 109, 9*n - 13*n + 12 = 0. Calculate the remainder when a is divided by h.
21
Let f(m) = m**3 - 11*m**2 + 14*m - 35. Suppose 6*v - 60 = -0*v. Let k be f(v). Suppose 7*i = -k*i + 84. What is the remainder when 47 is divided by i?
5
Let h(a) be the first derivative of 97*a**4/4 + 3*a**2/2 - a + 279. Calculate the remainder when h(2) is divided by 56.
53
Let s = -4 - -30. Let a = s - 20. What is the remainder when ((-231)/84)/((-2)/(6 + 2)) is divided by a?
5
Let i be ((-3)/(-6))/((-2)/(-8)). Suppose 6*c - i*c = 380. Let u(j) = 4*j**2 - 113*j - 71. What is the remainder when c is divided by u(29)?
15
Let a = 5605 - 5580. Suppose -5*f + 47 = z, f + 4*z + 22 = 2*f. Suppose n - 4 = f. Calculate the remainder when a is divided by n.
11
Suppose -k - 5 = -a, 2*k - 5*k - 22 = 4*a. What is the remainder when k + 2 - (-3 + -127) is divided by 43?
40
Let m(b) = 2*b**3 + 12*b**2 + 12*b - 13. Let g be m(-4). Calculate the remainder when 996 is divided by (7/g - 2)/((-16)/(-5328)).
108
Let q(n) = 3*n - 69. Let w be q(23). Suppose w = 3*z - 8*s + 3*s + 4, 4*z = 4*s + 8. What is the remainder when 123 is divided by z?
4
Let r(v) = v**2 + 15*v - 8. Let x be 15*(5 - 6)/(0 - -1). Let z be r(x). Calculate the remainder when 38 is divided by (-140)/z*(-12)/(-10).
17
Let b = -1 - -1. Calculate the remainder when b - 1/(1/(-2